be v(10). Suppose -2*j + 52 = -x*o, j - 3*o + 0*o = 27. What is the greatest common divisor of 8 and j?
8
Let q(v) = -v**3 + 16*v - 2. Let a be q(-5). Let w = a - 38. Let l be (-3)/(12/(-112)) - 3. What is the highest common divisor of w and l?
5
Let j = -2557 - -2582. What is the greatest common divisor of j and 11?
1
Let r be ((-1235)/(-15))/((30/(-234))/(-5)). What is the greatest common divisor of 845 and r?
169
Let j be (-1370)/7*(4 - (-54)/(-3)). Calculate the greatest common factor of j and 140.
20
Let y(j) = 189*j + 13. Let m be y(-1). Let u = m + 186. Calculate the greatest common divisor of 10 and u.
10
Let z be -316 + 296 - 43690/(-1). Calculate the greatest common divisor of z and 110.
110
Let b = 37115 - 37097. Calculate the highest common factor of b and 7101.
9
Suppose 4*h + 12 = 64. Suppose -4*a - 274 = -2*m, -m - 2*a = -3*a - 138. Let z = m + -22. What is the highest common factor of z and h?
13
Let b(w) = 36*w - 404. Let n be b(12). Calculate the greatest common factor of 238 and n.
14
Let m be (-14)/(-28) - 302/(-4). Let z = -707 - -821. Calculate the greatest common divisor of z and m.
38
Suppose -2*h - 21 = 2*f - 103, 5*f - 5*h = 245. Let j(x) = -2*x + 11. Let l be j(6). Let c = 46 + l. Calculate the highest common factor of c and f.
45
Let w be (96/(-3))/(2/(-4)). Let a(q) = -q**3 + 68*q**2 + 5*q - 212. Let m be a(68). Calculate the greatest common divisor of w and m.
64
Let i be ((120/(-12))/(-5))/((-12)/(-2178)). What is the highest common factor of i and 11?
11
Let g be (-3)/(-15) - ((-186)/(-5) + -6). Let o be -1*9*2/2*g. Calculate the highest common divisor of 62 and o.
31
Let p(v) = -25*v - 86. Let k be p(-5). Let f = -90 + 181. What is the highest common factor of f and k?
13
Suppose 0 = 45*w + 27*w + 18*w - 6840. Let t be (-2)/(-6) - (-11)/3. What is the highest common divisor of t and w?
4
Suppose -19*v = 3*m - 23*v - 15836, 3*v = 3*m - 15837. What is the greatest common factor of 11 and m?
11
Let g be 34/6*6*58/4. Calculate the highest common factor of g and 34.
17
Let a(i) = 4*i + 4. Let h = -11 - 6. Let u = -11 - h. Let v be a(u). What is the highest common factor of v and 112?
28
Suppose -3*m = m - 4*a - 276, a = 5*m - 337. Let r = m - 63. Suppose 0 = -3*d + r*p + 47, 2 = -3*p - 13. Calculate the highest common factor of d and 99.
9
Let m = 172 + -94. Let s = -29353 - -29365. What is the highest common factor of m and s?
6
Suppose 25 = -q - 2*j, -2*j - 118 = -5*q - 75. Let o = 27 + -2. Suppose -7*b = -2*b + o, -h - 5*b = 22. Calculate the greatest common factor of h and q.
3
Suppose -2*f + 8835 = -3*m, -8*f + m = -9*f + 4415. What is the highest common factor of f and 138?
138
Suppose -18*n = -13 - 5. Let g be ((-62)/(-62))/(11/10 - n). Calculate the highest common factor of 100 and g.
10
Suppose 0 = r + v - 154, -457 = -3*r - v - 7. What is the greatest common divisor of r and 814?
74
Let c = -1765 - -2283. Calculate the greatest common factor of 28 and c.
14
Let z be 195/2*(-72)/(-54). Suppose 10*h - 1330 = -z. What is the greatest common factor of h and 40?
40
Suppose 0 = -2*o + 2*i + 5672, 3684 = 4*o - 2*i - 7656. Calculate the greatest common divisor of o and 26.
26
Let w(n) = n**3 + 19*n + 490. Suppose -h = 1, 0 = -t + 5*h + 1 + 4. Let d be w(t). What is the highest common factor of 14 and d?
14
Suppose -7*g + 914 - 368 = 0. What is the highest common factor of 1443 and g?
39
Let p = 491 + -487. Suppose -2*z + 14 = p*q, 6*z = 3*q + 4*z - 28. Suppose -w + 4 = -4. What is the highest common factor of w and q?
2
Let h = -6362 + 6892. What is the highest common factor of h and 954?
106
Let i be 14/(-35)*-35 - (68 - 63). Suppose -1 = -v - 2. Let x be (-44)/(-4) - (1 - v). What is the greatest common factor of i and x?
9
Let o = -313 - -134. Let z = 256 + o. What is the highest common divisor of z and 7?
7
Let c(l) = -l**3 - 4*l**2 + 62*l + 149. Let t be c(-13). Calculate the greatest common factor of t and 396.
36
Suppose 67240 + 39320 = 192*g. Calculate the greatest common factor of 185 and g.
185
Suppose -6*p + 1469 + 1303 = 0. Let t be 12/(-22) - (-15960)/p. What is the greatest common factor of t and 442?
34
Let g be 1440 + (-37)/(370/(-180)). What is the highest common factor of 12 and g?
6
Let v = -262 - -265. Suppose v*d - 16 = 86. What is the highest common divisor of 272 and d?
34
Let u be 97 - (-8 - (-6 - -2)). Let h = u + -60. Suppose 3*p - 4 - h = 0. Calculate the highest common divisor of p and 6.
3
Let f = -39 + 34. Let m(z) = z**3 + 8*z**2 + z - 3. Let u be m(f). Let w = u + -13. What is the greatest common divisor of w and 9?
9
Let x be ((-95)/(-15) - 7)/((-4)/150). Let q be 798/30 + 10/x. Calculate the greatest common divisor of 1431 and q.
27
Let v(c) = -13*c + 199. Let w be v(15). Calculate the highest common divisor of 412 and w.
4
Suppose -5*y = 4*i - 384, -3*i = 3*y + 14 - 245. Calculate the greatest common factor of 4142 and y.
38
Let g = 1284 - 900. Let n(d) = -13*d - 60. Let b be n(0). Let q = b - -108. Calculate the greatest common divisor of q and g.
48
Let s(y) = 3*y**3 - 7*y**2 + 13*y - 16. Let q be s(3). What is the greatest common factor of q and 533?
41
Let b(a) = -3 - 18*a + 2*a**2 - a**3 + 15 + 13*a**2 + 2*a**2. Let p be b(14). Calculate the highest common factor of 12 and p.
12
Suppose 17 = v + 2*i, -v - 3*v - 3*i = -63. Let x be ((-81)/12)/(v/(-100)). Suppose -4*w = -0*w - 72. What is the highest common factor of x and w?
9
Let q(a) = -14*a**2 - 3*a - 1. Let s(f) = -f**2 - f - 1. Let j(k) = -q(k) - 3*s(k). Let z be j(-4). Calculate the highest common factor of 36 and z.
36
Let b be 1059/(-27) - ((-2)/(-9))/(-1). Let t = b - -53. Let d(z) = z**3 + 11*z**2 - 6*z - 6. Let g be d(-10). What is the highest common divisor of g and t?
14
Let z be 147/(-343) + (-25)/7. Let n be z/(-20) - (-98)/10. Calculate the highest common factor of n and 130.
10
Let f be (-3)/9 - (-9183)/9. Suppose 3*y = 7*y - f. Suppose 12*a = -6349 + 6529. Calculate the greatest common factor of y and a.
15
Let u = -12 - -21. Suppose 0 = -35*n + 6439 + 6476. What is the highest common factor of u and n?
9
Let l = 10990 - 10566. Calculate the highest common factor of l and 371.
53
Let f be 10095/66 + (-84)/(-1848). Calculate the greatest common divisor of f and 89658.
153
Let b = 56 + -50. Let t be -2 + (7 - -509)/b. Calculate the greatest common factor of t and 147.
21
Suppose p + 6 = 4*p. Let a be (117 - (-4)/p) + -2. Suppose 4*d + 99 + 60 = 5*v, -3*v - 3*d = -a. Calculate the greatest common divisor of v and 7.
7
Let z = 48 + -36. Suppose -12 - 6 = -3*b. Let c be 148/z - b/18. What is the highest common factor of 108 and c?
12
Let b(o) = -43*o - 112. Let y be b(-2). Let j(q) = -q**3 - 25*q**2 + 13*q - 92. Let k be j(y). Calculate the greatest common factor of k and 82.
82
Let j(o) be the first derivative of 2*o**3/3 + 55*o**2/2 + 90*o - 39. Let g be j(-26). What is the greatest common divisor of 198 and g?
6
Let f = 4890 - 4872. What is the highest common divisor of f and 384?
6
Let j = -962 - -1928. Suppose -j = -29*l + 861. What is the highest common divisor of l and 3?
3
Let i = -68 - -193. Let g(c) = 2*c**2 - 122*c - 14874. Let j be g(122). What is the greatest common factor of i and j?
5
Let q(k) = 126*k - 147. Let y(p) = -p + 1. Let x(f) = q(f) + 4*y(f). Let g be x(6). What is the greatest common divisor of 19 and g?
19
Suppose 0 = -r - 3*o - 2656 + 2714, -r + 3*o + 70 = 0. Let i(l) = l**3 + 6*l**2 + 5*l + 1. Let b be i(-5). What is the greatest common divisor of r and b?
1
Suppose 166 = 9*p - 77. Suppose -26*z - 44 = -p*z. Calculate the greatest common divisor of 4 and z.
4
Suppose -124 = -2*j - 3*f, j + 143 = -2*f + 209. Calculate the greatest common divisor of 118 and j.
2
Suppose -20*x - 36*x = 21*x - 5313. Calculate the highest common factor of x and 3473.
23
Let l = -1215 + 1858. Suppose -4*g + 437 = -l. What is the greatest common factor of 54 and g?
54
Let v be 2 + 34 + (-32)/(-8). Suppose 4*s + 5*p - 84 = 0, v = 3*s - p - p. Suppose 27*c = 28*c - 8. Calculate the greatest common divisor of s and c.
8
Suppose -r = -8*d + 5*d, r - 25 = -2*d. What is the greatest common factor of r and 1005?
15
Let q(t) = t**3 - 13*t**2 + 12*t + 3. Let r be q(12). What is the greatest common divisor of 29 